j = 60 + 14. Suppose -b = -2*i + 157, -i = -0*b - 5*b - j. What is the units digit of i?
9
Suppose 0 = 5*t + 3*n - 563, t + 4*n - 107 = 2*n. Let m = t + -21. What is the units digit of m?
4
Suppose 8*x = 10*x + 10. Let s(n) = -7 - 8*n + 0 + 0*n. What is the tens digit of s(x)?
3
Let j(o) = 20*o**3 + o**2 - o + 1. Let i be j(1). Suppose 2*z - 5 + i = 0. Let f = 11 + z. What is the units digit of f?
3
Suppose 6580 = 14*m - 4*m. What is the hundreds digit of m?
6
Suppose 418 = u - z, z - 1 = -6. Suppose 0 = -2*v + 10 - 0. Suppose 0 = -v*d - 2*d + u. What is the tens digit of d?
5
Let t = -17 + 7. Let j be (-2)/t + (-288)/(-60). Suppose j*v - 81 = 2*v. What is the units digit of v?
7
Let n(k) be the first derivative of -k**3/3 + 9*k**2/2 - 2*k + 13. What is the tens digit of n(6)?
1
Let b = -33 - -33. Suppose -3*s - 3*s + 324 = b. What is the tens digit of s?
5
Suppose -6*m - m = -1232. Let n = 357 - m. What is the tens digit of n?
8
Suppose -4*z + 1323 = -m, 17*z - 12*z + 3*m - 1658 = 0. What is the hundreds digit of z?
3
Let b(q) = 5*q**3 - 5*q**2 + 7*q - 5. Let z(o) = 6*o**3 - 5*o**2 + 8*o - 6. Let h(a) = 7*b(a) - 6*z(a). Let m be h(-5). What is the units digit of 0 + 0/m - -7?
7
Let a(z) = -z**3 + 7*z**2 - 7*z + 5. Let x be a(6). Let v(t) = -t**2 - 9*t - 11. Let w be v(-8). What is the units digit of 47/(w + (3 - x))?
7
Suppose -17 = -2*y - 13. Suppose -q - b + 124 = 0, -y*b + 1 = -3. What is the tens digit of q?
2
Let o = -89 - -125. Suppose 3*z = 3*m - 24, o - 4 = -5*z + 3*m. What is the units digit of (6/(-5))/(z/20)?
6
Let c(p) = 1950*p**2 - 3*p + 2. What is the hundreds digit of c(1)?
9
Suppose 0 = 2*y - 0*y - 14. What is the hundreds digit of (6/15)/(y/3395)?
1
Let s(x) = -x**2 - 2*x + 3. Let b be s(-3). What is the units digit of 20*3 + b + 2?
2
Let i(a) = a**3 + a**2 + 3*a + 4. Let j be i(-2). What is the tens digit of (-3)/9 + (-248)/j?
4
Let g = 9 + 129. What is the hundreds digit of g?
1
Suppose -5 = -2*j + j - 5*u, -4*u + 84 = 4*j. Let d = j + 3. What is the tens digit of d?
2
Suppose 2*y + 4*n + n = 0, 0 = 4*y - 3*n. Let m be (y + -1)/2*-8. Suppose 2*b - 23 = b - m*w, -75 = -4*b + w. What is the tens digit of b?
1
Let o(j) = -9*j**3 + 6*j**2 + j + 1. What is the hundreds digit of o(-4)?
6
Suppose -2*k + 7 + 7 = 0. Suppose k*b + 24 = 11*b. What is the units digit of b?
6
Suppose 5*k - 9989 = -3*j + 3202, 5*k = 0. What is the hundreds digit of j?
3
Suppose -m + 9 = x - 2*m, -4*x = 5*m - 63. Suppose 0 = -2*r - 3*t + 27, -2*r + 0*r + t + 7 = 0. Let i = x - r. What is the units digit of i?
6
Suppose -4585 - 678 = -3*w - 2*k, -2*k = 5*w - 8773. What is the tens digit of w?
5
Let w(t) = 8*t**3 - 2*t**2 - 2*t. Let l(s) = 7*s**3 - 2*s**2 - 3*s. Let x(i) = 3*l(i) - 4*w(i). Let q be x(1). Let m = q - -21. What is the tens digit of m?
1
Suppose -4*y = -4*q + 16, -4*q + y - 8 = -9*q. Suppose 0 = 2*j + j + q*k + 38, -4*j - 53 = 5*k. What is the tens digit of (-6)/(-8) + (-519)/j?
4
Let r = -3 + -32. Let a = r + 107. What is the tens digit of a?
7
Suppose -4 + 13 = t. Suppose 5 = -t*r + 68. What is the units digit of r?
7
Suppose 19 + 6 = 5*m. Suppose -8*q + 6*q - 3*c = -128, -240 = -4*q - 2*c. Let a = q + m. What is the tens digit of a?
6
Let h(u) = 2*u**3 + 20*u**2 - 5*u + 21. What is the units digit of h(-9)?
8
Let t(a) = -53*a - 358. What is the thousands digit of t(-37)?
1
Let s = 92 - 85. Let d(a) = -2*a**3 - 5*a**2 - 1. Let m be d(-4). Suppose 3*w = v + 60 + s, 3*w - 5*v - m = 0. What is the tens digit of w?
2
Let v(r) = 7*r + 16. What is the units digit of v(13)?
7
What is the units digit of ((-2120)/32)/((-3)/12 - 0)?
5
Let q(c) = c**2 - 12*c + 7. Let d be q(11). Let n be -3 + 3 + d + 9. Suppose -i + n*i = 160. What is the units digit of i?
0
Let d(r) = -r**2 - 9*r - 15. Let g be d(-6). Let b = -109 - -163. Suppose -q - x + b = 4*q, g*q - 50 = -5*x. What is the units digit of q?
0
Let a(d) = d**2 - 3*d - 13. Let b = -14 + 6. Let f be ((-6)/b)/(4/32). What is the units digit of a(f)?
5
Let b(k) = -k + 96. What is the tens digit of b(13)?
8
Let t be 75/24 + 5/(-40). Suppose t*y + 165 = 8*y - 4*i, 0 = -5*i. What is the units digit of y?
3
Let n(i) = 46*i - 7. Let z be n(2). Suppose 3*w + z = 478. What is the hundreds digit of w?
1
Let i = -122 + 239. Let j = -56 + i. What is the tens digit of j?
6
Suppose -3*z + 18 = 9. Suppose -2*s - b + 14 = -6, s - 3 = z*b. What is the units digit of (s/(-5))/1*-5?
9
Let b be (6/9)/(2/789). Suppose -4*x + b = -5*q + 63, -4*q = -2*x + 106. What is the units digit of x?
5
Let u = 37 - 30. Let b(t) = 8*t**2 + 2*t - t**3 + 3 - u - t. What is the units digit of b(6)?
4
Let o = -139 - -225. What is the units digit of o?
6
Suppose -221*w + 5*d + 9194 = -217*w, 4582 = 2*w + 5*d. What is the tens digit of w?
9
Let y = -1758 + 2470. Suppose -8 = 2*r - 4*r, 0 = 2*g + r - y. What is the tens digit of g?
5
Let t(s) = -s + 8. Let k be (3/9)/((-1)/(-6)). Let j = 9 - k. What is the units digit of t(j)?
1
Let n be (-6 + 3)/((-9)/12). Suppose 104 = -0*m + n*m. Suppose 4*i + 17 = -d, 0 = 2*d - 3*i - i - m. What is the units digit of d?
3
Let n = -12 + 19. Let x(a) = a**3 - 6*a**2 - 6*a - 3. Let z be x(n). Suppose z*m - 47 - 5 = 0. What is the units digit of m?
3
Suppose 5*b - 5*x = -10*x - 5, -20 = 5*x. Suppose -b*h + 62 + 43 = 0. What is the tens digit of h?
3
Let v = -10 - -197. Let i = -127 + v. What is the tens digit of i?
6
Let v be 36/21*42/12. Let w(i) = -i - 6 - i**2 + 2*i**2 + 0*i**2. What is the tens digit of w(v)?
2
Let u be 28 + -111 + 6/(-2). What is the units digit of (u + 0)*2/(-4)?
3
Let n be 36/16 + -2 + (-15)/(-4). Suppose -4*q - q = -4*v - 610, -4*q + 488 = -n*v. What is the units digit of q?
2
What is the tens digit of (-598)/(-4)*(-22)/(-11)*1?
9
Let z(p) = 12*p - 135. What is the units digit of z(12)?
9
Suppose -5*b - 20 = -3*b. Let u = -3 - b. Suppose 0 = 9*i - u*i - 84. What is the units digit of i?
2
Let y = -33 - -54. Let q = 10 - y. What is the tens digit of 1/((11/(-24))/q)?
2
Let v be (-2)/10 - (-1134)/70. Suppose -538 = -18*x + v*x. What is the tens digit of x?
6
Suppose -5*u = -2*u + 2*x - 279, 3*u - x = 288. Let t = u - 18. Let m = 111 - t. What is the units digit of m?
4
Let f(p) = p**3 + 3*p**2 - 3*p - 3. Let j be f(-3). Let k be (j/(-9))/(6/(-27)). Suppose 0 = -4*t + k*t + 21. What is the tens digit of t?
2
Let t(r) = -r - 4. Let b be t(-4). Suppose -3*m + b*z + 306 = 5*z, -m + 5*z = -122. What is the hundreds digit of m?
1
Suppose -x = -4*p + 2*x + 187, -2*x - 10 = 0. Suppose 3*a - p - 47 = 0. What is the tens digit of a?
3
Let x(j) = 223*j - 61. What is the hundreds digit of x(12)?
6
Suppose -4*j - 3*g = -1309, 5*j - 2*j = g + 985. Suppose -4*n = -0*n - j. What is the tens digit of n?
8
Let g(t) = t + 5. Let o be g(3). Suppose -o - 2 = -u. What is the tens digit of -2*u*24/(-30)?
1
Let a(s) be the third derivative of s**6/120 - s**5/10 + 7*s**4/24 + s**3/6 + s**2. What is the tens digit of a(6)?
4
Let h be (10/4)/((-17)/(-204)). Let d = h - 8. Let u = d + -15. What is the units digit of u?
7
Suppose 0 = -5*h + 5*i + 2135, -2 = 5*i - 7. What is the tens digit of h?
2
Suppose d = 5*d + 112. Let t = d - -94. What is the units digit of t?
6
Let i = 1575 + -1117. What is the hundreds digit of i?
4
Let a(u) = -5*u - 20. Let q be a(-5). Suppose -q*i = -80 - 85. What is the tens digit of i?
3
Let l = 19 - 16. Suppose 3*k = 2*x + 13, 0*x = -l*k - 4*x + 19. Suppose -301 = -k*u - 71. What is the units digit of u?
6
What is the hundreds digit of ((-108)/81)/(2/(-843))?
5
Let j = -182 + 305. Suppose 5*v = 2*v + j. What is the tens digit of v?
4
Let q(o) = 2*o - 11. Let u be q(7). Suppose -52 - 86 = -u*n. Let p = -29 + n. What is the units digit of p?
7
Suppose -10*d - 31 = 99. Let i(g) = 37*g. Let c be i(-1). Let l = d - c. What is the units digit of l?
4
Suppose 478*g = 480*g - 4242. What is the tens digit of g?
2
Let z = -17 - -20. Suppose 0 = y + 14 + z. Let b = 12 - y. What is the units digit of b?
9
Let s(c) = -c - 11. Let b be s(-7). Let j(m) = -m**2 + m. Let t be j(b). What is the units digit of 12/t + 36/10?
3
Let s = -54 + 56. What is the tens digit of (((-32)/(-6))/s)/(3/27)?
2
Let q(l) = -l**2 - 7*l - 2. Let d be q(-5). Suppose -p + 5 = d. What is the tens digit of -1*1 - (p - 28)?
